1 is divided by 6092?
21
Calculate the remainder when 71097129 is divided by 88.
81
Calculate the remainder when 74083532 is divided by 102.
14
Calculate the remainder when 187918738 is divided by 672.
658
What is the remainder when 102563 is divided by 431?
416
What is the remainder when 24261770 is divided by 302?
298
Calculate the remainder when 8794973 is divided by 293.
285
Calculate the remainder when 7381959 is divided by 189.
186
What is the remainder when 36780628 is divided by 1565?
1563
Calculate the remainder when 590271193 is divided by 15.
13
What is the remainder when 669609 is divided by 516?
357
What is the remainder when 37491262 is divided by 183?
52
What is the remainder when 17478 is divided by 5692?
402
Calculate the remainder when 169663 is divided by 36.
31
Calculate the remainder when 109708 is divided by 54824.
60
Calculate the remainder when 36506 is divided by 17288.
1930
What is the remainder when 5476384 is divided by 30090?
4
Calculate the remainder when 34361771 is divided by 2177.
3
Calculate the remainder when 1157548377 is divided by 1930.
1927
Calculate the remainder when 2842054 is divided by 37894.
4
Calculate the remainder when 61189 is divided by 29601.
1987
Calculate the remainder when 311679 is divided by 62307.
144
Calculate the remainder when 97269 is divided by 1013.
21
Calculate the remainder when 11080854 is divided by 85.
84
What is the remainder when 648449 is divided by 521?
325
What is the remainder when 10614970 is divided by 4140?
10
What is the remainder when 564119 is divided by 418?
237
What is the remainder when 32794 is divided by 7780?
1674
What is the remainder when 290837 is divided by 72703?
25
Calculate the remainder when 60316060 is divided by 818.
12
What is the remainder when 231084 is divided by 3499?
150
Calculate the remainder when 5114417 is divided by 3356.
3229
What is the remainder when 21870 is divided by 15380?
6490
Calculate the remainder when 39861309 is divided by 8.
5
Calculate the remainder when 5423944 is divided by 504.
400
Calculate the remainder when 69708 is divided by 34838.
32
What is the remainder when 11461213 is divided by 306?
289
Calculate the remainder when 11309955 is divided by 1130988.
75
What is the remainder when 3996952 is divided by 302?
284
Calculate the remainder when 8922308 is divided by 1323.
1319
Calculate the remainder when 1033777 is divided by 186.
175
What is the remainder when 416941 is divided by 92?
89
Calculate the remainder when 3445126 is divided by 448.
6
What is the remainder when 83800 is divided by 3526?
2702
What is the remainder when 7637239 is divided by 14039?
23
What is the remainder when 4035774 is divided by 6?
0
Calculate the remainder when 750539 is divided by 5.
4
Calculate the remainder when 11529779 is divided by 75358.
5
What is the remainder when 188714 is divided by 167?
4
Calculate the remainder when 12288995 is divided by 2448.
35
Calculate the remainder when 1412705 is divided by 662.
659
What is the remainder when 9677575 is divided by 1209696?
7
Calculate the remainder when 11796 is divided by 803.
554
What is the remainder when 7935008 is divided by 681?
677
What is the remainder when 4353029 is divided by 899?
71
What is the remainder when 4209937 is divided by 890?
237
Calculate the remainder when 51807805 is divided by 4322.
4313
What is the remainder when 45844 is divided by 45779?
65
What is the remainder when 672880 is divided by 1063?
1
Calculate the remainder when 48893775 is divided by 48893761.
14
Calculate the remainder when 2654764 is divided by 2983.
2877
Calculate the remainder when 491388815 is divided by 2078.
2077
What is the remainder when 8143280 is divided by 1667?
1652
What is the remainder when 79944 is divided by 37691?
4562
Calculate the remainder when 14484298 is divided by 2069185.
3
Calculate the remainder when 462802 is divided by 762.
268
What is the remainder when 32253736 is divided by 6450747?
1
What is the remainder when 52173 is divided by 542?
141
Calculate the remainder when 173133 is divided by 172898.
235
Calculate the remainder when 4123111 is divided by 16169.
16
What is the remainder when 2768272 is divided by 291?
280
What is the remainder when 39483836 is divided by 84008?
76
Calculate the remainder when 180581 is divided by 21592.
7845
What is the remainder when 1350198 is divided by 1075?
1073
What is the remainder when 49923 is divided by 1470?
1413
Calculate the remainder when 1538875 is divided by 20248.
27
Calculate the remainder when 41424264 is divided by 15.
9
What is the remainder when 8701189 is divided by 300041?
0
Calculate the remainder when 2488149 is divided by 155506.
53
What is the remainder when 1376374 is divided by 344080?
54
What is the remainder when 14127296 is divided by 4245?
4181
Calculate the remainder when 283166671 is divided by 58.
57
What is the remainder when 57499740 is divided by 19166577?
9
What is the remainder when 1016390 is divided by 1016302?
88
What is the remainder when 1054128 is divided by 2071?
2060
Calculate the remainder when 4574114 is divided by 379.
342
What is the remainder when 200211 is divided by 854?
375
What is the remainder when 438531 is divided by 27144?
4227
What is the remainder when 59202551 is divided by 46?
45
Calculate the remainder when 9190 is divided by 882.
370
Calculate the remainder when 1854523 is divided by 41209.
118
Calculate the remainder when 350031 is divided by 116553.
372
What is the remainder when 670838 is divided by 167350?
1438
Calculate the remainder when 17836122 is divided by 121.
117
What is the remainder when 394149 is divided by 197058?
33
What is the remainder when 1677007 is divided by 7136?
47
What is the remainder when 347073 is divided by 347063?
10
What is the remainder when 388325109 is divided by 10?
9
What is the remainder when 2661896 is divided by 71942?
42
Calculate the remainder when 27119417 is divided by 2573.
2570
What is the remainder when 10465299 is divided by 86?
45
What is the remainder when 2488218 is divided by 544?
506
What is the remainder when 6860862 is divided by 344?
126
What is the remainder when 11361 is divided by 640?
481
Calculate the remainder when 668922 is divided by 300.
222
Calculate the remainder when 6218708 is divided by 2199.
2135
What is the remainder when 1191785 is divided by 4444?
793
Calculate the remainder when 238145 is divided by 651.
530
What is the remainder when 1993678 is divided by 9539?
27
Calculate the remainder when 945734 is divided by 9955.
9
Calculate the remainder when 16308516 is divided by 84.
0
Calculate the remainder when 185339 is divided by 12.
11
What is the remainder when 1090093 is divided by 7767?
2713
Calculate the remainder when 61412632 is divided by 689.
684
Calculate the remainder when 8949281 is divided by 4474574.
133
Calculate the remainder when 6205465 is divided by 387.
307
Calculate the remainder when 3034481 is divided by 3320.
1
What is the remainder when 539975 is divided by 67482?
119
Calculate the remainder when 1489509 is divided by 372360.
69
Calculate the remainder when 17457754 is divided by 72.
58
Calculate the remainder when 3640442 is divided by 19364.
10
What is the remainder when 5164866 is divided by 544?
130
Calculate the remainder when 603888 is divided by 22.
10
What is the remainder when 17927140 is divided by 29437?
7
Calculate the remainder when 27481500 is divided by 43.
28
Calculate the remainder when 11935847 is divided by 422.
421
Calculate the remainder when 8450402 is divided by 938930.
32
What is the remainder when 7382707 is divided by 657?
655
Calculate the remainder when 273342 is divided by 587.
387
What is the remainder when 548142 is divided by 18269?
72
Calculate the remainder when 93763 is divided by 30.
13
What is the remainder when 324287 is divided by 16214?
7
What is the remainder when 194331 is divided by 1389?
1260
What is the remainder when 2631854 is divided by 105263?
279
Calculate the remainder when 69486 is divided by 65048.
4438
Calculate the remainder when 315784907 is divided by 78946223.
15
Calculate the remainder when 50709272 is divided by 2028369.
47
Calculate the remainder when 282453 is divided by 141112.
229
What is the remainder 